- 70. What is f(4)?
134
Let q(h) = 14*h**2 + 5*h + 4. What is q(0)?
4
Let i(c) = -31*c - 86. Determine i(2).
-148
Let x(f) = -f**3 + 43*f**2 - 37*f - 21. What is x(42)?
189
Let y(c) = -c**3 - 11*c**2 - 20*c - 17. Determine y(-8).
-49
Let j(s) = -4*s**2 + 215*s + 11. Determine j(54).
-43
Let n(p) = -p**2 + 16*p - 34. Calculate n(5).
21
Let g(f) = -1450*f + 44916. Determine g(31).
-34
Let j(d) = -151*d - 2739. Calculate j(-18).
-21
Let a(l) = -143*l + 866. What is a(6)?
8
Let y(r) = -r**2 - 57*r - 217. Calculate y(-49).
175
Let b(r) = -2*r**3 + 32*r**2 - 6*r + 24. Calculate b(16).
-72
Let d(q) = -138*q - 4627. Calculate d(-34).
65
Let t(d) = 63*d - 5239. What is t(83)?
-10
Let s(m) = 287*m - 1965. What is s(6)?
-243
Let k(v) = 33*v - 1875. Calculate k(57).
6
Let h(c) = 5*c**3 - 44*c**2 + 78*c + 40. What is h(6)?
4
Let f(n) = -4*n**3 - 15*n**2 - 21*n - 6. Determine f(-1).
4
Let d(i) = 40*i**2 - 90*i + 175. Calculate d(2).
155
Let l(p) = 14*p**2 - 177*p - 35. Determine l(13).
30
Let c(m) = 2*m**3 - 27*m**2 - 28*m - 70. Give c(15).
185
Let i(y) = 9*y - 485. Calculate i(53).
-8
Let x(p) = p**2 - 14*p + 18. What is x(13)?
5
Let o(g) = 19*g**2 - 21*g + 38. Determine o(2).
72
Let y(v) = 98*v**2 + 6465*v - 212. Calculate y(-66).
-14
Let z(v) = -110*v**2 - 11112*v - 204. Give z(-101).
-2
Let f(b) = 6*b**3 - b**2 + 15*b + 43. Calculate f(-3).
-173
Let y(h) = -7*h**2 - 24*h - 8. What is y(-3)?
1
Let k(n) = 2*n**3 + 132*n**2 + 130*n + 3. Give k(-65).
3
Let n(x) = x**2 - 106*x + 2771. What is n(59)?
-2
Let g(b) = 15*b + 411. Give g(-27).
6
Let w(r) = -r**2 - 81*r - 595. Determine w(-8).
-11
Let u(h) = -14*h**2 + 100*h - 148. What is u(5)?
2
Let y(n) = 3*n**2 - 12*n - 33. Calculate y(-2).
3
Let y(c) = 115*c + 702. Give y(-6).
12
Let t(x) = -27*x**2 + 462*x + 420. Determine t(18).
-12
Let z(w) = -101*w**2 + 606*w - 5. Determine z(6).
-5
Let b(g) = 10*g**2 + 953*g - 654. Determine b(-96).
18
Let j(k) = -4*k + 213. Determine j(50).
13
Let i(b) = 10739*b - 85907. What is i(8)?
5
Let k(q) = -4*q**2 - 50*q + 705. What is k(-21)?
-9
Let y(t) = 66*t**3 - 398*t**2 + 6*t + 42. Calculate y(6).
6
Let g(c) = -26*c - 1050. Determine g(-40).
-10
Let a(c) = -2*c**2 + 112*c - 3. Determine a(56).
-3
Let s(g) = g**2 - 15*g - 209. Determine s(21).
-83
Let h(u) = u**2 - 187*u - 3693. Calculate h(-18).
-3
Let o(i) = -190*i**2 - 1146*i - 40. Calculate o(-6).
-4
Let t(g) = -3*g**3 - 12*g**2 + 48*g - 22. Calculate t(3).
-67
Let o(p) = -92*p**2 + 4*p + 8. Calculate o(-2).
-368
Let q(g) = g**3 + 12*g**2 + 18*g + 397. Give q(-13).
-6
Let m(p) = -2912*p + 5825. What is m(2)?
1
Let b(q) = -q**3 + 6*q**2 + 69*q - 302. Calculate b(4).
6
Let n(z) = -z**3 - 16*z**2 - 52*z - 185. Determine n(-13).
-16
Let u(b) = -27*b - 11. Determine u(1).
-38
Let o(v) = 5*v**2 - 166*v - 960. What is o(-5)?
-5
Let r(n) = -66*n - 203. Give r(-8).
325
Let m(q) = -81*q - 211. What is m(0)?
-211
Let n(d) = 2*d - 4. Give n(-1).
-6
Let w(o) = 18*o + 283. Give w(-10).
103
Let h(q) = 4*q**2 + 359*q + 960. Calculate h(-87).
3
Let j(b) = 168*b - 2944. Give j(18).
80
Let r(n) = -381*n + 1536. Determine r(4).
12
Let p(s) = s**3 - 8*s**2 + 15*s - 45. Give p(6).
-27
Let u(l) = -l**2 + 8*l + 767. Calculate u(-37).
-898
Let n(o) = o**3 - 34*o**2 + 267*o + 136. What is n(21)?
10
Let j(l) = -652*l - 14957. Give j(-23).
39
Let f(u) = -9*u**2 - 191*u - 40. Determine f(-21).
2
Let d(m) = -10*m + 192. Calculate d(25).
-58
Let c(n) = -2*n**2 + 219*n - 871. What is c(4)?
-27
Let f(r) = -224*r - 7835. Give f(-35).
5
Let o(x) = -113*x - 821. What is o(-3)?
-482
Let g(k) = -18*k**2 - 201*k - 17. Determine g(-11).
16
Let w(b) = -7*b**2 - 206*b - 116. Determine w(-29).
-29
Let q(k) = 2*k**3 + 17*k**2 - 15*k + 4. Give q(-10).
-146
Let q(c) = 2*c**3 + 116*c**2 + 2*c + 67. Calculate q(-58).
-49
Let y(d) = d**3 - 2*d**2 - 14*d - 25. Calculate y(8).
247
Let c(v) = 5*v**2 - 79*v - 190. What is c(18)?
8
Let a(d) = -6*d**2 - 18*d + 317. What is a(-9)?
-7
Let x(k) = 6*k**2 + 195*k - 65. Give x(-33).
34
Let q(o) = 302*o - 706. What is q(1)?
-404
Let s(k) = -6*k**2 + 158*k + 415. What is s(29)?
-49
Let o(v) = v**3 - 34*v**2 + 39*v - 170. Give o(33).
28
Let r(n) = -16*n + 153. Give r(7).
41
Let f(u) = u**2 - 95*u - 1189. Give f(106).
-23
Let y(m) = 5*m**2 + 152*m - 72. Determine y(-30).
-132
Let i(q) = -q**2 + 22*q + 13. What is i(8)?
125
Let g(k) = 2479*k - 27275. Give g(11).
-6
Let q(p) = -214*p + 2338. What is q(11)?
-16
Let q(a) = -a**2 + 28*a - 151. Determine q(16).
41
Let b(s) = 35*s - 419. Determine b(13).
36
Let u(o) = o**3 - 9*o**2 - 2*o - 2. Calculate u(9).
-20
Let y(r) = 5439*r + 5433. Give y(-1).
-6
Let v(h) = -h**3 - h**2 - 52*h + 4. Calculate v(0).
4
Let r(h) = -300*h - 19852. Give r(-66).
-52
Let h(j) = -2*j**3 + 40*j**2 + 23*j - 6. What is h(20)?
454
Let m(q) = q**2 + 4*q - 143. Calculate m(-15).
22
Let c(w) = -w**2 - 841*w - 5817. Give c(-7).
21
Let m(b) = -b**2 + 38*b - 352. Give m(25).
-27
Let d(l) = 17*l**2 - 104*l + 27. Determine d(6).
15
Let u(x) = -x**3 + x**2 + 39*x + 7. Determine u(0).
7
Let o(f) = f**3 + 30*f**2 - 53*f - 14. What is o(2)?
8
Let y(z) = 3*z**2 + 29*z - 201. Calculate y(6).
81
Let h(s) = 2*s**2 + 26*s + 2. Calculate h(-13).
2
Let t(q) = -q**3 + 90*q**2 - 506*q + 162. Calculate t(84).
-6
Let d(n) = -n**2 + 8*n - 89. Calculate d(8).
-89
Let q(l) = l**2 - 151*l - 941. Calculate q(-6).
1
Let n(r) = r**2 + 10*r - 51. Calculate n(4).
5
Let o(s) = -416*s**2 - 7*s + 7. Calculate o(1).
-416
Let s(b) = 13*b**2 + 56*b + 14. What is s(-6)?
146
Let m(t) = -60*t + 70. Give m(2).
-50
Let h(s) = -6*s**3 - 14*s**2 - 4*s + 22. Determine h(-5).
442
Let s(z) = -z**2 + 12*z + 31. Give s(0).
31
Let p(n) = 3*n**3 + 36*n**2 - 11*n - 126. Give p(-12).
6
Let q(k) = -3*k**2 + 118*k - 152. What is q(38)?
0
Let x(w) = w**3 + 9*w**2 - 54*w - 287. Determine x(-4).
9
Let w(x) = 2*x**2 + 103*x + 257. Give w(-49).
12
Let l(p) = -9*p + 375. Calculate l(41).
6
Let w(n) = -n**3 - n**2 - n + 4. What is w(0)?
4
Let d(b) = 2*b**2 - 43*b - 504. Give d(32).
168
Let v(o) = -48*o - 1016. Determine v(-22).
40
Let k(p) = -508*p + 71. Give k(0).
71
Let h(o) = -o**2 + 118*o + 2378. Determine h(-17).
83
Let j(m) = -25*m + 274. Determine j(11).
-1
Let r(w) = w**2 + 64*w - 555. Give r(8).
21
Let q(g) = g**3 + 23*g**2 + 53*g + 3. What is q(-22)?
-679
Let k(q) = -5*q**2 - q + 24. Determine k(0).
24
Let g(y) = 3*y**2 + 127*y - 360. Give g(-45).
0
Let z(l) = -4*l**3 - 14*l**2 - 21*l + 6. What is z(-4)?
122
Let y(m) = 474*m**2 + 935*m - 38. Determine y(-2).
-12
Let f(j) = -2*j**2 + 18*j + 32. What is f(9)?
32
Let z(i) = -3*i**2 + 70*i + 111. Give z(25).
-14
Let r(c) = -15*c**3 - 284*c**2 + 17*c - 64. What is r(-19)?
-26
Let v(s) = 6*s - 477. Give v(79).
-3
Let g(p) = -154*p - 1999. Determine g(-13).
3
Let t(z) = -205*z + 1643. Determine t(8).
3
Let p(g) = -2*g**3 + 23*g**2 - 16*g + 3. What is p(11)?
-52
Let m(o) = -o**3 + 13*o**2 + 15*o - 32. Give m(13).
163
Let a(c) = -c**3 + 144*c**2 - 1843*c + 2991. What is a(130)?
1
Let m(r) = r**3 + 38*r**2 - 126*r - 174. What is m(-41)?
-51
Let v(y) = 2*y**2 - 117*y + 448. Determine v(4).
12
Let p(v) = v**3 + 31*v**2 - 80*v + 65. Calculate p(-33).
527
Let j(a) = a**2 + 158*a - 1673. What is j(10)?
7
Let r(p) = -p**3 - 17*p**2 + 48*p + 194. Determine r(-19).
4
Let o(h) = -3*h**2 + 1229*h + 7382. What is o(-6)?
-100
Let g(m) = 82*m + 729. What is g(-9)?
-9
Let l(n) = -57*n - 6599. Calculate l(-116).
13
Let n(l) = -7*l - 372. Calculate n(-41).
-85
Let i(q) = -q**3 + 43*q**2 + 47*q - 127. Give i(44).
5
Let z(f) = -11*f**2 + 532*f - 1032. Calculate z(2).
-12
Let k(x) = -35*x**2 - 3*x + 6. What is k(0)?
6
Let t(v) = v**2 - 22*v - 202. Determine t(29).
1
Let b(g) = -g**2 - 229*g - 7856. What is b(-187)?
-2
Let c(f) = -42*f + 36. Calculate c(1).
-6
Let x(c) = 9*c - 554. Calculate x(60).
-14
Let f(a) = 3173*a - 12701. Calculate f(4).
-9
Let b(a) = 5*a - 114. Give b(4).
-94
Let q(j) = j**3 - j**2 - 3*j - 52. Give q(9).
569
Let w(l) = -l**2 + 165*l - 957. What is w(6)?
-3
Let u(j) = -104*j + 2386. Calculate u(24).
-110
Let s(n) = 265*n - 1846. Calculate s(7).
9
Let s(m) = 5*m**2 + m - 38. Determine s(-3).
4
Let x(q) = -121*q**2 - 2058*q + 21. Determine x(-17).
38
Let j(x) = -x**3 - 69*x**2 + 135*x + 52. What is j(-71)?
549
Let f(r) 